 - 158*y + 189. What is the highest common factor of 9 and y?
9
Suppose 346*y + 726 = 357*y. Calculate the greatest common factor of 84 and y.
6
Let r = -619 - -656. Calculate the highest common divisor of r and 3.
1
Let j(h) = -h**2 - 7*h + 46. Let q be j(-11). Calculate the greatest common factor of q and 54.
2
Suppose v + 14 = a, 3*a + 3*v - 40 = 26. What is the greatest common divisor of a and 171?
9
Let w be (880/(-56))/((-1)/7). Suppose w = 27*o - 26*o. What is the greatest common divisor of 11 and o?
11
Suppose 16 = -s - 5*b - 7, -13 = -4*s + b. Suppose -s*r = -13 - 5. Calculate the highest common divisor of r and 144.
9
Suppose 0 = -g + 1 - 0. Let k(l) = 6*l + 2. Let a(v) = v. Let t(q) = g*k(q) - 2*a(q). Let x be t(3). Calculate the greatest common divisor of 98 and x.
14
Let v = 123 + -79. Suppose 0 = -k - k + v. Calculate the highest common divisor of 44 and k.
22
Suppose -2*u = -s + 98, -u + 6*u = -10. Suppose 3*d - s = 3*h - 25, -2*d + 41 = -3*h. Calculate the greatest common factor of 28 and d.
28
Let n be 1/(-8)*-4*0/1. Suppose -3*k + 12 = n, -2*k + 436 + 232 = 3*z. Calculate the greatest common factor of z and 44.
44
Suppose 0 = -5*o + 264 - 9. What is the greatest common factor of 17 and o?
17
Let q be 9/((-27)/(-12)) - 2. Calculate the greatest common divisor of q and 39.
1
Let b(m) = -m**3 + 2*m**2 + 8*m + 1. Let u be 3 - (-2 - (2 + -3)). Let l be b(u). Let h be 0/l + 0 + 20. What is the greatest common divisor of h and 20?
20
Suppose 0 = -7*p + p + 18. Suppose 2*h = -p*h. Suppose h = 4*s + b - 27, -2*s + 6 = 2*b - 0*b. What is the greatest common divisor of 4 and s?
4
Suppose 4*y = -32 - 0. Let g(d) = 4*d**2 + 7*d + 9. Let b be g(y). What is the highest common factor of b and 19?
19
Let p be (-7)/63 + ((-4862)/(-18) - 0). What is the highest common divisor of 1215 and p?
135
Let x be 2 + 7 + 15/5. Calculate the greatest common factor of 20 and x.
4
Suppose 2*x - 113 = -13. Calculate the highest common divisor of 10 and x.
10
Let m(f) = 2*f**2 + 8*f + 12. Let y be 78/(-8) - (-2)/(-8). Let s be m(y). Suppose -35 = -3*u + 31. Calculate the greatest common divisor of u and s.
22
Let u = -25 + 27. Suppose 277 = u*n + c, 7*n - 415 = 4*n - 2*c. Suppose 5*q - 221 = n. Calculate the highest common factor of q and 9.
9
Suppose 3*w - 3*g - 68 = -2*w, -1 = g. Calculate the greatest common divisor of w and 117.
13
Suppose 0 = 2*v - 4*v + 52. Calculate the highest common divisor of 104 and v.
26
Let y = -129 - -91. Let z = 46 + y. What is the highest common divisor of z and 64?
8
Suppose -5*b + 4 = -5*i + 14, 0 = -2*i - 2*b + 20. Let m = 12 + -9. Let l be (24/(-15))/(m/(-90)). Calculate the highest common factor of l and i.
6
Suppose 5*n - 5*l = -20, -3*l - 4 = -1. Let f be 580/(-25)*-1 - (-1)/n. Calculate the highest common divisor of 207 and f.
23
Suppose -5*z + 248 = -4*c + 2*c, z - 28 = -5*c. What is the highest common factor of 24 and z?
24
Let a(f) = 11*f + 650. Let u be a(0). Calculate the highest common factor of u and 26.
26
Suppose 8*d - 819 = -5*d. Calculate the greatest common divisor of d and 18.
9
Suppose y + t - 13 = -y, -4*y - t + 27 = 0. Let g be ((-96)/(-14))/4*y. What is the highest common factor of g and 108?
12
Let i = -1113 + 1561. Calculate the highest common factor of i and 42.
14
Suppose 4*r = u + 31, 3*r + 2*u - 28 = -2*u. Let o be r/4 + -1 + 27. Let q be 273/o - 3/(-12). What is the highest common divisor of 50 and q?
10
Let t = -15 + 22. Let u = 2 - t. Let s be (4/u)/(6/(-75)). What is the highest common factor of s and 20?
10
Suppose -300 = 128*j - 132*j. Let q be ((-45)/6)/((-2)/4). What is the greatest common divisor of j and q?
15
Let h(z) = -2*z - 15. Let y be (-1)/2*30/5. Let t be (4/y)/(1/9). Let v be h(t). Calculate the greatest common factor of v and 36.
9
Let v be (-51)/(-18) - ((-24)/(-4))/(-36). Suppose 0 = 3*b + 5 - 14. Calculate the greatest common factor of b and v.
3
Let i(t) = -t. Let h = 0 + 4. Let a be i(h). Let m be -1 + (a + -1)*-2. What is the highest common factor of 45 and m?
9
Let a(h) = -3*h - 13 + 7*h - 3*h. Let p be a(15). What is the highest common divisor of 1 and p?
1
Let r(u) = 8*u**2 - u. Let k be r(-1). Let o(f) = 13 + f - k + 3 - 3*f. Let c be o(-6). What is the highest common factor of 171 and c?
19
Let x = 1136 + -980. What is the highest common divisor of 507 and x?
39
Let l = -166 - -1505. What is the highest common divisor of 13 and l?
13
Let k(v) = v + 3. Let u be k(-4). Let i be (-15)/u - (-5 + 5). What is the highest common divisor of 30 and i?
15
Let k(v) = 2*v**2 + 7*v - 3. Let m be k(-5). Calculate the highest common divisor of m and 12.
12
Let p(v) = v**2 - 14*v - 12. Suppose -4*w - 5*y + 52 = 0, -2*w + 0*y - 2*y + 28 = 0. Let r be p(w). Calculate the greatest common factor of 15 and r.
15
Suppose -4*k = k - 150. Let c = -27 + k. What is the greatest common factor of 33 and c?
3
Let x = -5 - -26. Let c be 592/14 + 8/(-28). What is the highest common divisor of x and c?
21
Let h = 3394 - 1232. What is the highest common factor of 46 and h?
46
Let i(n) = -n**3 + 9*n**2 - 5*n - 16. Let d be i(8). What is the highest common divisor of d and 388?
4
Suppose 457 = 4*k + 169. Let u = 42 - 24. Calculate the greatest common divisor of u and k.
18
Suppose -5*m + 15 = -5. Suppose c - 2*s = 4*c - 14, -4*s = -16. Suppose 3 = -c*j + 5. What is the highest common divisor of j and m?
1
Let z(b) = -113*b**3 + 3*b + 4 + 120*b**3 - 3*b - 8*b**2. Let y be z(2). Let s be 6*((-7)/3)/(-1). Calculate the greatest common divisor of s and y.
14
Let v = 14 + 25. Let y = 167 - v. Let x = -21 - -37. Calculate the greatest common factor of x and y.
16
Let v = 54 - 28. Suppose 304 = -8*l + 824. What is the greatest common divisor of l and v?
13
Let x(w) = -5*w - 9. Let m be x(9). Let l be 9/18 + m/(-4). Let k(s) = 125*s**2 + 1. Let n be k(1). What is the highest common divisor of n and l?
14
Let o(p) = p**2 - 8*p - 3. Let x be o(8). Let w be 4/((-3)/189*x). Let l = w + -48. Calculate the highest common factor of 90 and l.
18
Suppose -17*o + 2*q = -22*o + 1842, q - 1 = 0. Calculate the greatest common factor of 115 and o.
23
Let j(o) = -o**3 - o**2 + 165. Let u be j(0). Suppose 3*g - u = -2*g. Calculate the greatest common divisor of g and 3.
3
Let h = -10 - -14. Let u(g) = 11*g**2 - 2*g - 2. Let r be u(h). Let s be r/6 + (-26)/39. What is the greatest common factor of s and 9?
9
Suppose -22*a + 14*a = -224. Calculate the greatest common divisor of 52 and a.
4
Let x be ((-14)/49)/((-2)/28). Suppose 3 = 6*j - 3*j - x*k, k = j - 1. What is the highest common divisor of j and 7?
1
Let p(x) = 7*x**2 + 7*x + 4. Let l be p(-5). Suppose 20*c - 475 + 155 = 0. Calculate the greatest common factor of l and c.
16
Let z = -267 - -279. Calculate the greatest common factor of 210 and z.
6
Let k(b) = -11*b. Let s be k(-2). Suppose 10 = q + 2*j, 5*j - 6 = -q + 4*j. What is the greatest common factor of s and q?
2
Let i be ((-3)/(-3) - 35/14)*18. Let m(s) = -s**2 - 27*s + 27. Let a be m(i). What is the highest common factor of a and 18?
9
Suppose 273 - 343 = -5*d. Calculate the greatest common divisor of 224 and d.
14
Let g be ((-85)/(-15))/(1/(-3)). Let i = 36 + g. Let o = -21 - -154. Calculate the greatest common factor of i and o.
19
Let t be 8 - 7/(7/(-2)). Calculate the greatest common divisor of 170 and t.
10
Suppose 246*y - 275*y + 232 = 0. Suppose -4*i = -6*i - 100. Let r = -26 - i. Calculate the highest common divisor of y and r.
8
Suppose 57*i - 688 = 23*i + 26*i. Let v(l) = l**3 - 4*l**2 - 3*l + 3. Let z be v(7). Calculate the greatest common factor of i and z.
43
Let z(f) = 98*f**2 - 11*f + 50. Let i be z(3). Calculate the greatest common divisor of i and 31.
31
Let i(x) = x**2 + 14*x + 2. Let f be 3*32/(-6) - -2. Let p be i(f). Let w be (2/(-4))/(2/(-12)). Calculate the greatest common factor of p and w.
1
Let h(z) = -z**3 - 7*z**2 + z + 2. Let a be h(-6). Let q = 80 + a. Suppose q + 158 = 2*o. Calculate the greatest common divisor of 9 and o.
9
Let v = 1756 - 1693. Let w(q) = 5*q - 3. Let p be w(5). Suppose p + 14 = 4*j. Calculate the highest common factor of j and v.
9
Suppose -5*f - 865 = -4*r + 800, -5*r + 2078 = -3*f. What is the greatest common factor of 83 and r?
83
Let w be (4/(-2))/(2/2)